{"id":1174,"date":"2025-12-04T18:34:33","date_gmt":"2025-12-04T17:34:33","guid":{"rendered":"https:\/\/spanishconirene.com\/?page_id=1174"},"modified":"2025-12-04T18:36:43","modified_gmt":"2025-12-04T17:36:43","slug":"accesibilidad","status":"publish","type":"page","link":"https:\/\/spanishconirene.com\/index.php\/accesibilidad\/","title":{"rendered":"Accesibilidad"},"content":{"rendered":"\t\t<div data-elementor-type=\"wp-page\" data-elementor-id=\"1174\" class=\"elementor elementor-1174\" data-elementor-post-type=\"page\">\n\t\t\t\t<div class=\"elementor-element elementor-element-5aa4548 e-con-full e-flex e-con e-parent\" data-id=\"5aa4548\" data-element_type=\"container\">\n\t\t\t\t<div class=\"elementor-element elementor-element-f9b4aa4 e-n-tabs-mobile elementor-widget elementor-widget-n-tabs\" data-id=\"f9b4aa4\" data-element_type=\"widget\" data-settings=\"{&quot;horizontal_scroll&quot;:&quot;disable&quot;}\" data-widget_type=\"nested-tabs.default\">\n\t\t\t\t\t\t\t<div class=\"e-n-tabs\" data-widget-number=\"261835428\" aria-label=\"Tabs. Open items with Enter or Space, close with Escape and navigate using the Arrow keys.\">\n\t\t\t<div class=\"e-n-tabs-heading\" role=\"tablist\">\n\t\t\t\t\t<button id=\"e-n-tab-title-2618354281\" data-tab-title-id=\"e-n-tab-title-2618354281\" class=\"e-n-tab-title\" aria-selected=\"true\" data-tab-index=\"1\" role=\"tab\" tabindex=\"0\" aria-controls=\"e-n-tab-content-2618354281\" style=\"--n-tabs-title-order: 1;\">\n\t\t\t\t\t\t<span class=\"e-n-tab-title-text\">\n\t\t\t\tAccesibility English\t\t\t<\/span>\n\t\t<\/button>\n\t\t\t\t<button id=\"e-n-tab-title-2618354282\" data-tab-title-id=\"e-n-tab-title-2618354282\" class=\"e-n-tab-title\" aria-selected=\"false\" data-tab-index=\"2\" role=\"tab\" tabindex=\"-1\" aria-controls=\"e-n-tab-content-2618354282\" style=\"--n-tabs-title-order: 2;\">\n\t\t\t\t\t\t<span class=\"e-n-tab-title-text\">\n\t\t\t\tAccesibilidad Espa\u00f1ol\t\t\t<\/span>\n\t\t<\/button>\n\t\t\t\t\t<\/div>\n\t\t\t<div class=\"e-n-tabs-content\">\n\t\t\t\t<div id=\"e-n-tab-content-2618354281\" role=\"tabpanel\" aria-labelledby=\"e-n-tab-title-2618354281\" data-tab-index=\"1\" style=\"--n-tabs-title-order: 1;\" class=\"e-active elementor-element elementor-element-50e6745 e-con-full e-flex e-con e-child\" data-id=\"50e6745\" data-element_type=\"container\">\n\t\t<div class=\"elementor-element elementor-element-2dd62f6 e-flex e-con-boxed e-con e-child\" data-id=\"2dd62f6\" data-element_type=\"container\">\n\t\t\t\t\t<div class=\"e-con-inner\">\n\t\t\t\t<div class=\"elementor-element elementor-element-16c379b elementor-widget elementor-widget-template\" data-id=\"16c379b\" data-element_type=\"widget\" data-widget_type=\"template.default\">\n\t\t\t\t<div class=\"elementor-widget-container\">\n\t\t\t\t\t\t\t<div class=\"elementor-template\">\n\t\t\t\t\t<div data-elementor-type=\"page\" data-elementor-id=\"1176\" class=\"elementor elementor-1176\" data-elementor-post-type=\"elementor_library\">\n\t\t\t\t<div class=\"elementor-element elementor-element-6dd0d7db e-flex e-con-boxed e-con e-parent\" data-id=\"6dd0d7db\" data-element_type=\"container\">\n\t\t\t\t\t<div class=\"e-con-inner\">\n\t\t<div class=\"elementor-element elementor-element-4590b84e e-con-full e-flex e-con e-child\" data-id=\"4590b84e\" data-element_type=\"container\">\n\t\t\t\t<div class=\"elementor-element elementor-element-5b635e2b elementor-widget elementor-widget-heading\" data-id=\"5b635e2b\" data-element_type=\"widget\" data-widget_type=\"heading.default\">\n\t\t\t\t\t<span class=\"elementor-heading-title elementor-size-default\">Accessibility Statement<\/span>\t\t\t\t<\/div>\n\t\t\t\t<\/div>\n\t\t<div class=\"elementor-element elementor-element-6d20dbad e-con-full e-flex e-con e-child\" data-id=\"6d20dbad\" data-element_type=\"container\">\n\t\t\t\t<div class=\"elementor-element elementor-element-1bd59a74 elementor-widget elementor-widget-text-editor\" data-id=\"1bd59a74\" data-element_type=\"widget\" data-widget_type=\"text-editor.default\">\n\t\t\t\t\t\t\t\t\t<p data-start=\"4451\" data-end=\"4662\">Irene Maseda Mart\u00edn is committed to ensuring the accessibility of her website in accordance with <strong data-start=\"4548\" data-end=\"4589\">Royal Decree 1112\/2018 of September 7<\/strong>, on the accessibility of public sector websites and mobile applications.<\/p><p data-start=\"4664\" data-end=\"4746\">This accessibility statement applies to the website:<br data-start=\"4716\" data-end=\"4719\" \/><strong data-start=\"4719\" data-end=\"4746\"><a class=\"decorated-link\" href=\"http:\/\/www.spanishconirene.com\" target=\"_new\" rel=\"noopener\" data-start=\"4721\" data-end=\"4744\">www.spanishconirene.com<\/a><\/strong><\/p><hr data-start=\"4748\" data-end=\"4751\" \/><h2 data-start=\"4753\" data-end=\"4799\">Preparation of This Accessibility Statement<\/h2><p data-start=\"4801\" data-end=\"4883\">This statement was prepared based on a self-assessment carried out by the company.<\/p><p data-start=\"4885\" data-end=\"4920\"><strong data-start=\"4885\" data-end=\"4901\">Last review:<\/strong> November 17, 2025.<\/p><hr data-start=\"4922\" data-end=\"4925\" \/><h2 data-start=\"4927\" data-end=\"4962\">Feedback and Contact Information<\/h2><p data-start=\"4964\" data-end=\"5088\">Users may submit communications concerning accessibility requirements (Article 10.2.a of Royal Decree 1112\/2018), including:<\/p><ul data-start=\"5090\" data-end=\"5284\"><li data-start=\"5090\" data-end=\"5148\"><p data-start=\"5092\" data-end=\"5148\">Reporting any possible non-compliance by this website.<\/p><\/li><li data-start=\"5149\" data-end=\"5208\"><p data-start=\"5151\" data-end=\"5208\">Notifying of difficulties in accessing website content.<\/p><\/li><li data-start=\"5209\" data-end=\"5284\"><p data-start=\"5211\" data-end=\"5284\">Submitting suggestions or improvement proposals related to accessibility.<\/p><\/li><\/ul><p data-start=\"5286\" data-end=\"5364\">These communications may be submitted via the contact form or by telephone at:<\/p><p data-start=\"5366\" data-end=\"5389\"><strong data-start=\"5366\" data-end=\"5376\">Phone:<\/strong> 91 273 32 57<\/p><hr data-start=\"5391\" data-end=\"5394\" \/><h2 data-start=\"5396\" data-end=\"5422\">Complaints and Requests<\/h2><p data-start=\"5424\" data-end=\"5441\">Users may submit:<\/p><ul data-start=\"5443\" data-end=\"5654\"><li data-start=\"5443\" data-end=\"5509\"><p data-start=\"5445\" data-end=\"5509\">A complaint related to compliance with Royal Decree 1112\/2018.<\/p><\/li><li data-start=\"5510\" data-end=\"5654\"><p data-start=\"5512\" data-end=\"5561\">A Request for Accessible Information regarding:<\/p><ul data-start=\"5564\" data-end=\"5654\"><li data-start=\"5564\" data-end=\"5603\"><p data-start=\"5566\" data-end=\"5603\">Content excluded under Article 3.4.<\/p><\/li><li data-start=\"5606\" data-end=\"5654\"><p data-start=\"5608\" data-end=\"5654\">Content exempt due to disproportionate burden.<\/p><\/li><\/ul><\/li><\/ul><p data-start=\"5656\" data-end=\"5790\">Requests must clearly specify the facts, reasons, and details of the request to allow assessment of its legitimacy and reasonableness.<\/p><p data-start=\"5792\" data-end=\"5896\">Submissions may be made by email or through the channels established under <strong data-start=\"5867\" data-end=\"5895\">Law 39\/2015 of October 1<\/strong>.<\/p><p data-start=\"5898\" data-end=\"5989\">All communications, complaints, and requests will be received and processed by the company.<\/p><hr data-start=\"5991\" data-end=\"5994\" \/><h2 data-start=\"5996\" data-end=\"6020\">Enforcement Procedure<\/h2><p data-start=\"6022\" data-end=\"6203\">If a submitted request or complaint is rejected, if disagreement arises with the response, or if no response is received within <strong data-start=\"6150\" data-end=\"6170\">20 business days<\/strong>, a follow-up claim may be filed.<\/p><p data-start=\"6205\" data-end=\"6333\">Such claims may be submitted by email or via the formal channels defined in <strong data-start=\"6281\" data-end=\"6296\">Law 39\/2015<\/strong>, and will be handled by the company.<\/p><hr data-start=\"6335\" data-end=\"6338\" \/><h2 data-start=\"6340\" data-end=\"6359\">Optional Content<\/h2><p data-start=\"6361\" data-end=\"6501\">This website complies with the requirements of <strong data-start=\"6408\" data-end=\"6430\">UNE-EN 301549:2022<\/strong>, taking into account the exceptions defined in Royal Decree 1112\/2018.<\/p><p data-start=\"6503\" data-end=\"6548\"><strong data-start=\"6503\" data-end=\"6533\">Last accessibility review:<\/strong> November 2025.<\/p><hr data-start=\"6550\" data-end=\"6553\" \/><h2 data-start=\"6555\" data-end=\"6581\">Technical Compatibility<\/h2><p data-start=\"6583\" data-end=\"6722\">Optimized for <strong data-start=\"6597\" data-end=\"6650\">Microsoft Internet Explorer 8.0 or later versions<\/strong>, and current versions of <strong data-start=\"6676\" data-end=\"6721\">Firefox, Safari, Opera, and Google Chrome<\/strong>.<\/p><p data-start=\"6724\" data-end=\"6779\"><strong data-start=\"6724\" data-end=\"6766\">Recommended minimum screen resolution:<\/strong> 1280 \u00d7 1024.<\/p><p data-start=\"6781\" data-end=\"6987\" data-is-last-node=\"\" data-is-only-node=\"\">The website features a <strong data-start=\"6804\" data-end=\"6825\">responsive design<\/strong> adapted for tablets and mobile devices and is compatible with current mobile versions of <strong data-start=\"6915\" data-end=\"6954\">Chrome, Firefox, Safari, Opera Mini<\/strong>, and the native Android browser.<\/p>\t\t\t\t\t\t\t\t<\/div>\n\t\t\t\t<\/div>\n\t\t\t\t\t<\/div>\n\t\t\t\t<\/div>\n\t\t\t\t<\/div>\n\t\t\t\t<\/div>\n\t\t\t\t\t\t<\/div>\n\t\t\t\t<\/div>\n\t\t\t\t\t<\/div>\n\t\t\t\t<\/div>\n\t\t\t\t<\/div>\n\t\t<div id=\"e-n-tab-content-2618354282\" role=\"tabpanel\" aria-labelledby=\"e-n-tab-title-2618354282\" data-tab-index=\"2\" style=\"--n-tabs-title-order: 2;\" class=\" elementor-element elementor-element-20cedf1 e-con-full e-flex e-con e-child\" data-id=\"20cedf1\" data-element_type=\"container\">\n\t\t<div class=\"elementor-element elementor-element-b1bc58f e-flex e-con-boxed e-con e-child\" data-id=\"b1bc58f\" data-element_type=\"container\">\n\t\t\t\t\t<div class=\"e-con-inner\">\n\t\t\t\t<div class=\"elementor-element elementor-element-24c706b elementor-widget elementor-widget-template\" data-id=\"24c706b\" data-element_type=\"widget\" data-widget_type=\"template.default\">\n\t\t\t\t<div class=\"elementor-widget-container\">\n\t\t\t\t\t\t\t<div class=\"elementor-template\">\n\t\t\t\t\t<div data-elementor-type=\"page\" data-elementor-id=\"1183\" class=\"elementor elementor-1183\" data-elementor-post-type=\"elementor_library\">\n\t\t\t\t<div class=\"elementor-element elementor-element-4f7368be e-flex e-con-boxed e-con e-parent\" data-id=\"4f7368be\" data-element_type=\"container\">\n\t\t\t\t\t<div class=\"e-con-inner\">\n\t\t<div class=\"elementor-element elementor-element-1b637d3c e-con-full e-flex e-con e-child\" data-id=\"1b637d3c\" data-element_type=\"container\">\n\t\t\t\t<div class=\"elementor-element elementor-element-968d079 elementor-widget elementor-widget-heading\" data-id=\"968d079\" data-element_type=\"widget\" data-widget_type=\"heading.default\">\n\t\t\t\t\t<span class=\"elementor-heading-title elementor-size-default\">Acccesibilidad<\/span>\t\t\t\t<\/div>\n\t\t\t\t<\/div>\n\t\t<div class=\"elementor-element elementor-element-56e17904 e-con-full e-flex e-con e-child\" data-id=\"56e17904\" data-element_type=\"container\">\n\t\t\t\t<div class=\"elementor-element elementor-element-2a41428e elementor-widget elementor-widget-text-editor\" data-id=\"2a41428e\" data-element_type=\"widget\" data-widget_type=\"text-editor.default\">\n\t\t\t\t\t\t\t\t\t<p><strong>(nombre-cliente)<\/strong> se ha comprometido a hacer accesible su sitio web de conformidad con el Real Decreto 1112\/2018, de 7 de septiembre, sobre accesibilidad de los sitios web y aplicaciones para dispositivos m\u00f3viles del sector p\u00fablico.<br \/>La presente declaraci\u00f3n de accesibilidad se aplica al sitio web <strong>(web-cliente)<\/strong><\/p><h3><strong>Preparaci\u00f3n de la presente declaraci\u00f3n de accesibilidad<\/strong><\/h3><p>Esta declaraci\u00f3n fue preparada mediante una autoevaluaci\u00f3n llevada a cabo por la misma empresa.<br \/>\u00daltima revisi\u00f3n de la declaraci\u00f3n: <strong>17\/11\/2025<\/strong>.<\/p><p><strong>Observaciones y datos de contacto<\/strong><br \/>Puede realizar comunicaciones sobre requisitos de accesibilidad (art\u00edculo 10.2.a) del RD 1112\/2018) como por ejemplo:<br \/>Informar sobre cualquier posible incumplimiento por parte de este sitio web.<br \/>Transmitir otras dificultades de acceso al contenido.<br \/>Formular consultas o sugerencias de mejora relativas a la accesibilidad.<br \/>A trav\u00e9s del siguiente formulario de contacto o llamando al tel\u00e9fono\u00a0<strong>91 273 32 57<\/strong>.<\/p><p><strong>Puede presentar:<\/strong><br \/>Una queja relativa al cumplimiento del RD 1112\/2018.<br \/>Una Solicitud de Informaci\u00f3n accesible relativa a:<br \/>Contenidos excluidos seg\u00fan el art\u00edculo 3.4.<br \/>Contenidos exentos por carga desproporcionada.<br \/>En la solicitud debe especificar claramente los hechos, razones y peticiones que permitan verificar que se trata de una solicitud razonable y leg\u00edtima.<\/p><p>Puede realizarse por email o mediante los canales establecidos en la Ley 39\/2015, de 1 de octubre.<br \/>Las comunicaciones, quejas y solicitudes de informaci\u00f3n accesible ser\u00e1n recibidas y tratadas por la empresa.<\/p><p><strong>Procedimiento de aplicaci\u00f3n<\/strong><br \/>Si una vez realizada una solicitud o queja esta fuera desestimada, no se estuviera de acuerdo con la respuesta, o no se recibiera contestaci\u00f3n en 20 d\u00edas h\u00e1biles, se podr\u00e1 presentar una reclamaci\u00f3n.<br \/>La reclamaci\u00f3n puede realizarse por email o mediante las v\u00edas establecidas en la Ley 39\/2015.<br \/>Ser\u00e1n tratadas por la empresa.<\/p><p><strong>Contenido opcional<\/strong><br \/>Este sitio web aplica los requisitos de la Norma UNE-EN 301549:2022, considerando las excepciones del RD 1112\/2018.<br \/>\u00daltima revisi\u00f3n de accesibilidad:\u00a0<strong>noviembre de 2025.<\/strong><\/p><p>Optimizado para Microsoft Internet Explorer 8.0 o superior, y versiones vigentes de Firefox, Safari, Opera y Google Chrome. Resoluci\u00f3n m\u00ednima recomendada: 1280\u00d71024.<\/p><p>Dise\u00f1o responsive adaptado a tablets y m\u00f3viles, compatible con las \u00faltimas versiones m\u00f3viles de Chrome, Firefox, Safari, Opera Mini y navegador nativo de Android.<\/p>\t\t\t\t\t\t\t\t<\/div>\n\t\t\t\t<\/div>\n\t\t\t\t\t<\/div>\n\t\t\t\t<\/div>\n\t\t\t\t<\/div>\n\t\t\t\t<\/div>\n\t\t\t\t\t\t<\/div>\n\t\t\t\t<\/div>\n\t\t\t\t\t<\/div>\n\t\t\t\t<\/div>\n\t\t\t\t<\/div>\n\t\t\t\t\t<\/div>\n\t\t<\/div>\n\t\t\t\t\t\t<\/div>\n\t\t\t\t<\/div>\n\t\t\t\t<\/div>\n\t\t","protected":false},"excerpt":{"rendered":"<p>Accesibility English Accesibilidad Espa\u00f1ol Accessibility Statement Irene Maseda Mart\u00edn is committed to ensuring the accessibility of her website in accordance with Royal Decree 1112\/2018 of September 7, on the accessibility of public sector websites and mobile applications. This accessibility statement applies to the website:www.spanishconirene.com Preparation of This Accessibility Statement This statement was prepared based on [&hellip;]<\/p>\n","protected":false},"author":2,"featured_media":0,"parent":0,"menu_order":0,"comment_status":"closed","ping_status":"closed","template":"","meta":{"footnotes":""},"class_list":["post-1174","page","type-page","status-publish","hentry"],"yoast_head":"<!-- This site is optimized with the Yoast SEO plugin v27.3 - https:\/\/yoast.com\/product\/yoast-seo-wordpress\/ -->\n<title>Accesibilidad - Spanish con Irene<\/title>\n<meta name=\"robots\" content=\"index, follow, max-snippet:-1, max-image-preview:large, max-video-preview:-1\" \/>\n<link rel=\"canonical\" href=\"https:\/\/spanishconirene.com\/index.php\/accesibilidad\/\" \/>\n<meta property=\"og:locale\" content=\"en_US\" \/>\n<meta property=\"og:type\" content=\"article\" \/>\n<meta property=\"og:title\" content=\"Accesibilidad - Spanish con Irene\" \/>\n<meta property=\"og:description\" content=\"Accesibility English Accesibilidad Espa\u00f1ol Accessibility Statement Irene Maseda Mart\u00edn is committed to ensuring the accessibility of her website in accordance with Royal Decree 1112\/2018 of September 7, on the accessibility of public sector websites and mobile applications. This accessibility statement applies to the website:www.spanishconirene.com Preparation of This Accessibility Statement This statement was prepared based on [&hellip;]\" \/>\n<meta property=\"og:url\" content=\"https:\/\/spanishconirene.com\/index.php\/accesibilidad\/\" \/>\n<meta property=\"og:site_name\" content=\"Spanish con Irene\" \/>\n<meta property=\"article:modified_time\" content=\"2025-12-04T17:36:43+00:00\" \/>\n<meta name=\"twitter:card\" content=\"summary_large_image\" \/>\n<meta name=\"twitter:label1\" content=\"Est. reading time\" \/>\n\t<meta name=\"twitter:data1\" content=\"3 minutes\" \/>\n<script type=\"application\/ld+json\" class=\"yoast-schema-graph\">{\"@context\":\"https:\\\/\\\/schema.org\",\"@graph\":[{\"@type\":\"WebPage\",\"@id\":\"https:\\\/\\\/spanishconirene.com\\\/index.php\\\/accesibilidad\\\/\",\"url\":\"https:\\\/\\\/spanishconirene.com\\\/index.php\\\/accesibilidad\\\/\",\"name\":\"Accesibilidad - Spanish con Irene\",\"isPartOf\":{\"@id\":\"https:\\\/\\\/spanishconirene.com\\\/#website\"},\"datePublished\":\"2025-12-04T17:34:33+00:00\",\"dateModified\":\"2025-12-04T17:36:43+00:00\",\"breadcrumb\":{\"@id\":\"https:\\\/\\\/spanishconirene.com\\\/index.php\\\/accesibilidad\\\/#breadcrumb\"},\"inLanguage\":\"en-US\",\"potentialAction\":[{\"@type\":\"ReadAction\",\"target\":[\"https:\\\/\\\/spanishconirene.com\\\/index.php\\\/accesibilidad\\\/\"]}]},{\"@type\":\"BreadcrumbList\",\"@id\":\"https:\\\/\\\/spanishconirene.com\\\/index.php\\\/accesibilidad\\\/#breadcrumb\",\"itemListElement\":[{\"@type\":\"ListItem\",\"position\":1,\"name\":\"Home\",\"item\":\"https:\\\/\\\/spanishconirene.com\\\/\"},{\"@type\":\"ListItem\",\"position\":2,\"name\":\"Accesibilidad\"}]},{\"@type\":\"WebSite\",\"@id\":\"https:\\\/\\\/spanishconirene.com\\\/#website\",\"url\":\"https:\\\/\\\/spanishconirene.com\\\/\",\"name\":\"Spanish con Irene\",\"description\":\"\",\"publisher\":{\"@id\":\"https:\\\/\\\/spanishconirene.com\\\/#organization\"},\"potentialAction\":[{\"@type\":\"SearchAction\",\"target\":{\"@type\":\"EntryPoint\",\"urlTemplate\":\"https:\\\/\\\/spanishconirene.com\\\/?s={search_term_string}\"},\"query-input\":{\"@type\":\"PropertyValueSpecification\",\"valueRequired\":true,\"valueName\":\"search_term_string\"}}],\"inLanguage\":\"en-US\"},{\"@type\":\"Organization\",\"@id\":\"https:\\\/\\\/spanishconirene.com\\\/#organization\",\"name\":\"Spanish con Irene\",\"url\":\"https:\\\/\\\/spanishconirene.com\\\/\",\"logo\":{\"@type\":\"ImageObject\",\"inLanguage\":\"en-US\",\"@id\":\"https:\\\/\\\/spanishconirene.com\\\/#\\\/schema\\\/logo\\\/image\\\/\",\"url\":\"https:\\\/\\\/spanishconirene.com\\\/wp-content\\\/uploads\\\/2025\\\/11\\\/cropped-Logo-SpanishIrene-1.png\",\"contentUrl\":\"https:\\\/\\\/spanishconirene.com\\\/wp-content\\\/uploads\\\/2025\\\/11\\\/cropped-Logo-SpanishIrene-1.png\",\"width\":375,\"height\":107,\"caption\":\"Spanish con Irene\"},\"image\":{\"@id\":\"https:\\\/\\\/spanishconirene.com\\\/#\\\/schema\\\/logo\\\/image\\\/\"}}]}<\/script>\n<!-- \/ Yoast SEO plugin. -->","yoast_head_json":{"title":"Accesibilidad - Spanish con Irene","robots":{"index":"index","follow":"follow","max-snippet":"max-snippet:-1","max-image-preview":"max-image-preview:large","max-video-preview":"max-video-preview:-1"},"canonical":"https:\/\/spanishconirene.com\/index.php\/accesibilidad\/","og_locale":"en_US","og_type":"article","og_title":"Accesibilidad - Spanish con Irene","og_description":"Accesibility English Accesibilidad Espa\u00f1ol Accessibility Statement Irene Maseda Mart\u00edn is committed to ensuring the accessibility of her website in accordance with Royal Decree 1112\/2018 of September 7, on the accessibility of public sector websites and mobile applications. This accessibility statement applies to the website:www.spanishconirene.com Preparation of This Accessibility Statement This statement was prepared based on [&hellip;]","og_url":"https:\/\/spanishconirene.com\/index.php\/accesibilidad\/","og_site_name":"Spanish con Irene","article_modified_time":"2025-12-04T17:36:43+00:00","twitter_card":"summary_large_image","twitter_misc":{"Est. reading time":"3 minutes"},"schema":{"@context":"https:\/\/schema.org","@graph":[{"@type":"WebPage","@id":"https:\/\/spanishconirene.com\/index.php\/accesibilidad\/","url":"https:\/\/spanishconirene.com\/index.php\/accesibilidad\/","name":"Accesibilidad - Spanish con Irene","isPartOf":{"@id":"https:\/\/spanishconirene.com\/#website"},"datePublished":"2025-12-04T17:34:33+00:00","dateModified":"2025-12-04T17:36:43+00:00","breadcrumb":{"@id":"https:\/\/spanishconirene.com\/index.php\/accesibilidad\/#breadcrumb"},"inLanguage":"en-US","potentialAction":[{"@type":"ReadAction","target":["https:\/\/spanishconirene.com\/index.php\/accesibilidad\/"]}]},{"@type":"BreadcrumbList","@id":"https:\/\/spanishconirene.com\/index.php\/accesibilidad\/#breadcrumb","itemListElement":[{"@type":"ListItem","position":1,"name":"Home","item":"https:\/\/spanishconirene.com\/"},{"@type":"ListItem","position":2,"name":"Accesibilidad"}]},{"@type":"WebSite","@id":"https:\/\/spanishconirene.com\/#website","url":"https:\/\/spanishconirene.com\/","name":"Spanish con Irene","description":"","publisher":{"@id":"https:\/\/spanishconirene.com\/#organization"},"potentialAction":[{"@type":"SearchAction","target":{"@type":"EntryPoint","urlTemplate":"https:\/\/spanishconirene.com\/?s={search_term_string}"},"query-input":{"@type":"PropertyValueSpecification","valueRequired":true,"valueName":"search_term_string"}}],"inLanguage":"en-US"},{"@type":"Organization","@id":"https:\/\/spanishconirene.com\/#organization","name":"Spanish con Irene","url":"https:\/\/spanishconirene.com\/","logo":{"@type":"ImageObject","inLanguage":"en-US","@id":"https:\/\/spanishconirene.com\/#\/schema\/logo\/image\/","url":"https:\/\/spanishconirene.com\/wp-content\/uploads\/2025\/11\/cropped-Logo-SpanishIrene-1.png","contentUrl":"https:\/\/spanishconirene.com\/wp-content\/uploads\/2025\/11\/cropped-Logo-SpanishIrene-1.png","width":375,"height":107,"caption":"Spanish con Irene"},"image":{"@id":"https:\/\/spanishconirene.com\/#\/schema\/logo\/image\/"}}]}},"_links":{"self":[{"href":"https:\/\/spanishconirene.com\/index.php\/wp-json\/wp\/v2\/pages\/1174","targetHints":{"allow":["GET"]}}],"collection":[{"href":"https:\/\/spanishconirene.com\/index.php\/wp-json\/wp\/v2\/pages"}],"about":[{"href":"https:\/\/spanishconirene.com\/index.php\/wp-json\/wp\/v2\/types\/page"}],"author":[{"embeddable":true,"href":"https:\/\/spanishconirene.com\/index.php\/wp-json\/wp\/v2\/users\/2"}],"replies":[{"embeddable":true,"href":"https:\/\/spanishconirene.com\/index.php\/wp-json\/wp\/v2\/comments?post=1174"}],"version-history":[{"count":7,"href":"https:\/\/spanishconirene.com\/index.php\/wp-json\/wp\/v2\/pages\/1174\/revisions"}],"predecessor-version":[{"id":1189,"href":"https:\/\/spanishconirene.com\/index.php\/wp-json\/wp\/v2\/pages\/1174\/revisions\/1189"}],"wp:attachment":[{"href":"https:\/\/spanishconirene.com\/index.php\/wp-json\/wp\/v2\/media?parent=1174"}],"curies":[{"name":"wp","href":"https:\/\/api.w.org\/{rel}","templated":true}]}}